(l) = -l**3 - 8*l**2 - 4*l - 10. Let n(y) = 7*y. Let v be n(1). Let g(q) = 9 + q**3 + q + 9*q - v*q + 8*q**2. Let j(s) = -3*g(s) - 2*w(s). What is j(-8)?
1
Let k(q) = -q**3 - 8*q**2 + 2*q - 1. Suppose -4*s - 44 = m + m, -4*s = -16. Let h be (-17)/(-15) + 4/m. Let c be -4 + 5 + h - 10. Calculate k(c).
-17
Let k be (-6)/(-15) - (-621)/(-115). Let z(n) = -n**3 - 7*n**2 - 10*n + 6. Calculate z(k).
6
Let s(x) = -225*x**3 + 8*x**2 - 38*x + 11 + 39*x + 226*x**3. Give s(-5).
81
Let f(h) = -36*h**2 + 24*h + 70. Let g(q) = 13*q**2 - 8*q - 23. Let p(n) = 3*f(n) + 8*g(n). Let d be p(-2). Let o(u) = -u**3 - 5*u**2 + 10*u + 9. What is o(d)?
-15
Let c(o) = 2*o**3 - 2*o**2 - o. Let d(a) = -4*a - 3. Let v be d(-1). Suppose 5*l - 5*s + 5 = -15, s = -v. Let q be -2*5/l + -3. Determine c(q).
-3
Let n(k) = -k**3 + 5*k**2 - 5*k - 1. Suppose -5*m + 4*x + 15 = 0, 6*m + x + 15 = 11*m. Let j be (-2 - (m - 6)) + (7 - 4). Give n(j).
-5
Let v(z) = 5*z + 2. Let x(d) = -d**3 - d**2 + d - 1. Let h be x(0). Let l(a) = -a + 1. Let r(p) = h*v(p) - 6*l(p). Suppose q = -34 + 28. Determine r(q).
-14
Let f(p) = -27*p**2 - 24*p - 16*p**3 + 25 + 33 + 15*p**3. Let z be f(-26). Let d(i) = i**2 - 5*i + 9. Determine d(z).
15
Let i(b) be the first derivative of b**3/3 - 5*b**2/2 + 36*b + 1195. Give i(0).
36
Let s(u) = 51*u - 26. Let c(w) = -10*w + 5. Let h(k) = 11*c(k) + 2*s(k). Suppose v = 5*r + 14, -4*v + 12 = -161*r + 163*r. What is h(v)?
-29
Let p(i) be the third derivative of 1/12*i**4 + 0 + 1/6*i**3 + 0*i - 22*i**2 + 1/60*i**5. Calculate p(3).
16
Let v(q) be the third derivative of 19*q**6/120 - q**5/30 + q**4/12 - q**3/6 - 77461*q**2. Let s be (-2)/1*(-4)/8. Give v(s).
18
Let j(b) be the third derivative of -b**5/60 - b**4/6 + b**3/6 - 2*b**2. Suppose -22*x - 72 = -28*x. Suppose -270*d = -267*d + x. Calculate j(d).
1
Let d(r) = -18*r - 149. Let f be 9660/(-1218) + (-8)/116. What is d(f)?
-5
Let b(c) = -c**2 + 7*c + 7. Suppose 5*k = 3*a - 389, 4*a = 3*a - 5*k + 103. Let q = -116 + a. Determine b(q).
7
Let u be (5 - -5)*(-2)/5. Let y(l) = 5 + 260*l + 5*l**2 + 261*l - 517*l + 3*l**3 - 2*l**3. What is y(u)?
5
Let k = 4 - 8. Let z(s) be the first derivative of s**4/4 + 4*s**3/3 - s**2 - 5*s - 25945. Calculate z(k).
3
Let y(q) = q**2 + 9*q + 3. Let z = -313 + 318. Let g = 8 - 21. Let f = z + g. Determine y(f).
-5
Let b(n) = 19*n**2 + 45*n + 35. Let p(z) = -8*z**2 - 22*z - 18. Let h(d) = 3*b(d) + 7*p(d). Give h(22).
45
Suppose 5*g + d + 62 = 7*g, -2*g = -3*d - 58. Suppose -20*k = 88 + g. Let y(h) = -3*h - 3*h**3 - 7*h + 2*h**3 - 7*h**2 - 9. Determine y(k).
15
Suppose 11*r = -208*r - 1971. Let x(a) = a**3 + 10*a**2 + 14*a - 21. Calculate x(r).
-66
Let y(r) = 32*r + 236 + 235 - 700 + 224. Determine y(3).
91
Let t(g) = g**2 - g + 1. Suppose -17*a + 13*a - 16 = 0. Let n be (-11 - -2)/(-6*(-2)/a). Calculate t(n).
7
Let c(p) = 3*p**2 - 2*p + 29. Let v(j) = 2*j**2 + 25. Let b(k) = 5*c(k) - 6*v(k). What is b(4)?
3
Let r(b) be the second derivative of b**5/20 - 5*b**4/12 - 2*b**3 - 5*b**2 - 23*b - 1. Let z(x) = -x**3 - 4*x**2 + 18*x - 14. Let u be z(-7). Give r(u).
4
Let y = 42557/2 - 21274. Let l(w) be the first derivative of 37 - y*w**2 + 0*w. Determine l(3).
-27
Let h(w) = 41*w + 1100. Let a be h(-27). Let p(u) = u**2 + 7*u - 5. Determine p(a).
-5
Let l(v) = 2*v**2 - 4*v + 11. Let d(t) = 6*t**2 - 13*t + 69. Let q(a) = d(a) - 5*l(a). Give q(-5).
-121
Suppose -v = l + 8, 313*v + 17 = -l + 315*v. Let r(a) = -a**2 - 13*a - 19. Calculate r(l).
3
Let f(i) = 2*i - 5. Let q be ((-22)/(-77))/((-2)/(-182)). Suppose -q = -5*x + 29. Let h = 7 - x. Determine f(h).
-13
Let q(k) be the first derivative of -1/3*k**3 - 23 - 9/2*k**2 - 7*k. Suppose -197 = -2*h - 213. Calculate q(h).
1
Let p(v) = -2716*v - 1. Let q be p(0). Let j(r) be the second derivative of -17*r**5/20 - r**4/6 + r**2/2 + r. Give j(q).
16
Let t(k) be the third derivative of k**7/2520 + k**6/144 - 29*k**5/6 - k**2 - 58*k. Let l(z) be the third derivative of t(z). Give l(-4).
-3
Let r(y) = -y**2 - 6*y - 6. Suppose -i = 5*u + 8, 0*i + 4*i - 3*u + 78 = 0. Let q be 0/i + (-1 - -48). Suppose -49*g = -q*g + 10. Determine r(g).
-1
Let j(s) = -2*s**3 - 11*s**2 - 15*s + 8. Let q be j(-3). Let r(k) = -k**3 + 8*k**2 - 4*k. Give r(q).
-32
Let h = -14 + -176. Let n = 194 + h. Let m(g) = g. Calculate m(n).
4
Let f(r) = r**2 - 14*r - 31. Let k = -1906 - -1921. Give f(k).
-16
Suppose -m - m = -5*k + 45, -5*m + 25 = 0. Let c(q) = 2 + 138*q**2 + 14*q - 37*q**2 - 3*q - 31*q**2 - 35*q**2 - 36*q**2. What is c(k)?
2
Let m(c) be the second derivative of c**5/20 - 7*c**4/3 - 61*c**3/6 + 33*c**2/2 + 3*c - 1. Calculate m(30).
3
Let a(j) be the first derivative of -j**4/4 - 14*j**3/3 - 17*j**2 - j - 1737. Give a(-11).
10
Let c(u) be the first derivative of 1/3*u**3 - u**2 - 17 + 4*u. Determine c(3).
7
Suppose -2*g = 2*f - 5 - 45, 5*g = 3*f + 101. Suppose 9*t + g = 67. Let u(c) = -4*c**3 + t*c**3 + 70*c**2 - 6 - 76*c**2 + 8*c. Give u(5).
9
Let v(n) be the first derivative of -n**4/4 - n**3/6 + 147*n**2 + 28. Let x(l) be the second derivative of v(l). What is x(1)?
-7
Let l(r) = 3*r**2 + 22*r + 64. Let m(n) = -2*n**2 - 15*n - 45. Let f(j) = -7*l(j) - 10*m(j). Calculate f(-5).
-3
Let p be 2/(-7) - -6*(-44)/(-42). Let m(n) = 4 - 9*n + n**2 + 3*n**2 + 20*n - p*n. Give m(-3).
25
Let s(b) = -2*b + 1. Let d(k) = -4*k - 56. Let i be d(-15). Let m be 0/((-6)/i + 2/(-4)). Suppose m*j = 4*v - j - 7, 5*v + 2*j = 25. Calculate s(v).
-5
Suppose -6*s - 35 + 77 = 0. Suppose -5*l + 45 = 5*h, s = 5*h + 2*l - 26. Let w(g) = -g**2 + 8*g + 6. Determine w(h).
21
Let w(b) be the second derivative of -7*b**3/6 + 41*b**2/2 - 331*b. What is w(4)?
13
Let b(l) = 217*l**2 + 1956*l + 22. Let h be b(-9). Let x(f) = f**2 + 5*f + 0 + 2 + 0*f**2. Calculate x(h).
2
Let k(x) = 2*x - 36. Let m be k(19). Let w(f) = -120*f**2 - 130*f**2 + 259*f**m. Give w(-1).
9
Let a(j) = -81*j**2 - j + 2. Let d be ((-45)/(-6))/((-135)/(-18)). Determine a(d).
-80
Let f = 54374 + -54382. Let d(k) = -4*k**3 + 2*k**2 - 14*k - 16. Let j(b) = -3*b**3 + 3*b**2 - 13*b - 15. Let u(i) = -4*d(i) + 5*j(i). Determine u(f).
-3
Let q(t) = t**2 + 2*t - 1. Let m be q(1). Let g(u) = -3*u**2 + 4*u - 112. Let l(c) = -5*c**2 + 6*c - 179. Let v(o) = 8*g(o) - 5*l(o). What is v(m)?
7
Let b(l) = -4*l**2 + 28*l - 7. Suppose 5*f - 31 = 4*g, -f - 4*f + 34 = -g. Let n be b(f). Let z(d) = -d**2 - 9*d - 10. Calculate z(n).
4
Let i(t) be the first derivative of t**4/4 + 4*t**3/3 - t**2 - 8*t - 300. Let n(k) = 2*k**3 + 3*k**2 - 2*k - 9. Let c(u) = 3*i(u) - 2*n(u). Calculate c(5).
9
Let z(n) = n**3 + 0*n**3 - 8*n**2 - 7*n + 14*n + 2. Suppose 0 = -5*j + 2*h + 35, 4*h + 7 = -2*j + 3*j. What is z(j)?
2
Let u(k) = -2*k - 44. Suppose 11*w + 160 = 17. What is u(w)?
-18
Let l be (-4)/8*11*-2. Suppose -13 - l = -4*x. Let k(g) = -1 - 222*g + 108*g + g**2 + 121*g - 2*g**2. What is k(x)?
5
Let i(p) = 15*p - 12 - 3*p - 11*p - 2*p. Let q be i(-7). Let b be (-6)/(q/2 - -4). Let c(y) = 3*y - 2. Give c(b).
-14
Let x(l) = -2*l**2 + 19*l - 22. Suppose 40*v - 17*v + 14 = 221. What is x(v)?
-13
Let d(y) be the third derivative of -11*y**6/15 - y**5/30 - y**4/12 - y**3/6 + 6273*y**2. Determine d(-1).
87
Let m(v) = v**2 - 26*v - 16. Let f be m(27). Suppose -11 = -5*z - j, 2*z + 5*j = -z + f. Let q(r) = -r**3 + 2*r**2 + 2 + r**3 + r**3 - 2*r**3. Give q(z).
2
Let l(h) = 4*h**2 - 2 - 10*h**2 - 3 - h**3. Let a = -45 - 79. Let j = a + 118. Give l(j).
-5
Let c = 90 - 73. Suppose 9*s + 56 = c*s. Let q(j) = -2 - 10*j + 1 + 11*j + 0. Calculate q(s).
6
Suppose 2*u = -4*h + 6, 5*h + u - 5 = 4. Suppose 3*v - 3*w - 26 = 19, -2*w = h*v - 42. Suppose -9*g = -6*g - v. Let r(z) = -z**2 + 6*z + 1. What is r(g)?
1
Let z(x) = -5*x - 37. Let j(d) = 7*d + 57. Let m(y) = -2*j(y) - 3*z(y). Determine m(10).
7
Suppose 0 = 3*y + 3*g - 192, 5*y - 320 = -3*g - g. Suppose -16*r - y = 80. Let n(k) = -k - 10*k**2 - k**3 - 2 - 7*k + 12 + 1. Give n(r).
2
Let v(u) be the first derivative of -u**3/3 - 5*u**2 - 5*u + 18. Let a = -1405 - -1401. Calculate v(a).
19
Let r(i) = 438 - 414 + 6*i - 10*i - 11*i. Determine r(2).
-6
Let l(o) = o + 2. Let d be 15/(-35) - 1726/7. Let y = d - -243. What is l(y)?
-2
Let v be 33 - (-9 + 24) - 14. Let g(t) = -3*t**3 + 14*t**2 - 6*t + 1. Give g(v).
9
Let i be 6/4*6 - (-3 - -7). 